?
4
Let p(i) = -i + 10. Let g be p(3). Let d(j) = 37*j**2 - 22*j**2 + j**3 - g - 15*j**2. Determine d(0).
-7
Suppose -5*o + 8*o + 18 = 0. Let u(d) = d**3 + 5*d**2 - 8*d + 1. Calculate u(o).
13
Let b(r) = r**2 - 7*r - 11. Let t be b(8). Let s(h) = h**3 + 2*h**2 - 2*h. Give s(t).
-3
Suppose -4*m + 23 = 3*d, d - 3 = 2. Let o(q) = -q - 5*q + 5*q + m*q**3 + 4*q**3. Calculate o(1).
5
Let p(m) = -m**3 - 7*m - 10*m**2 - 7 + 4*m**2 + 4. Determine p(-5).
7
Suppose -4*y = -2 - 30. Suppose -y + 2 = -2*m. Let h(j) = j**3 - j + m*j**3 - 2*j**3. Calculate h(-1).
-1
Let s be (-5 - -4)/((-2)/(-8)). Let g(q) = 1. Let v(o) be the third derivative of -o**5/60 - o**4/12 - o**3/2 + o**2. Let c(a) = -g(a) - v(a). Determine c(s).
10
Let f(z) = -z**3 - 5*z**2 - 4*z. Let d(a) = a. Let c be d(-1). Let m be -4 + 1 + (-1)/c. Let x = m - 1. Give f(x).
-6
Let b = 0 - 4. Let a(w) = -3*w - 4. Determine a(b).
8
Suppose 0*h = -5*h + 15. Suppose -6 = -v + 4*f - 3*f, -5*f = 15. Let j(l) = -2 + 0*l**v + 4*l**3 + 3*l**2 - 5*l**3 + l. Give j(h).
1
Let c(z) = z**3 - z**2 - z + 1. Let i be c(0). Let g be 0/(2/((-2)/i)). Let k(r) = -r + 5. Give k(g).
5
Suppose -2*x - 2 = -0*w - 3*w, 0 = -4*w - 2*x - 2. Suppose 0 = -2*c - w*c + 4. Let q(t) = 1 + 40*t + 0*t**3 - t**3 - 38*t + t**2. Give q(c).
1
Let h be (-12)/(-15)*(-5)/(-2). Let v(d) = -1 - d**3 + 0*d**2 + 0*d**2 - d**h - d. Give v(-2).
5
Let g(y) = -24*y + 23. Let d be g(1). Let n(z) = -2 - 2*z + 3 - 2. Calculate n(d).
1
Suppose -10 = -5*q + 10. Let w(c) = 4 + c + 2 - 1 - q. What is w(-5)?
-4
Let p(m) = -m**3 - 6*m**2 - 3*m + 3. Let a = 14 - 19. Calculate p(a).
-7
Let w = -3 + 3. Suppose -2*t + 0*k + 23 = 5*k, w = 5*t + k. Let r(z) = z**2 + 1. Give r(t).
2
Let u(m) be the first derivative of m**6/120 + m**5/15 - m**4/4 + 2*m**3/3 - 3*m**2/2 + 8. Let r(t) be the second derivative of u(t). What is r(-5)?
9
Let z(h) = h**3 + 4. Let q be z(0). Suppose b = -x - q, 3 = -4*b - 2*x - 7. Let f(m) = -3*m**2 + m. Calculate f(b).
-4
Let j(q) be the second derivative of 0 + 1/2*q**2 + q - 1/4*q**5 + 1/6*q**3 + 0*q**4. Suppose 2*y = 4*h + 14, 0*h = -h - 5*y + 24. Calculate j(h).
5
Let h = 13 + -19. Let r be -3 + -2*3/h. Let y(c) = c**2 + 3*c + 2. Calculate y(r).
0
Let d(y) be the second derivative of -y**6/120 - y**5/12 - y**4/8 - y**3/2 + 2*y**2 - 3*y. Let w(g) be the first derivative of d(g). Determine w(-4).
-7
Let x(m) = -11*m + 15. Let i(p) = 5*p - 7. Let a(g) = -13*i(g) - 6*x(g). Suppose 16 = 4*c - 5*c + 5*b, -5*c = 3*b - 4. Let q = 1 - c. What is a(q)?
3
Let n(f) be the third derivative of -f**7/2520 + 7*f**6/720 + f**5/30 - f**4/12 - 6*f**2. Let d(t) be the second derivative of n(t). Calculate d(6).
10
Let v(g) = 7*g**2 + 1. Let d = 12 - 13. Give v(d).
8
Let l(p) = -p**2 - 2*p + 1. Suppose s = 3*h - 10, 2*h - s = -3*s - 4. Let q be 4 - 1/h*-2. Suppose -q*k = -k - 8. What is l(k)?
-7
Let y = -43 + 48. Let g(f) = -2*f + 5. What is g(y)?
-5
Let x(b) be the second derivative of -b**7/840 + b**6/180 + b**4/12 - 5*b**3/6 - 11*b. Let c(u) be the second derivative of x(u). Give c(3).
-7
Let m(k) be the first derivative of 4*k + 5/2*k**2 + 1 - 1/3*k**3. Let c be m(6). Let n(q) = -4*q - 1. What is n(c)?
7
Let f(i) = 5*i - 12. Let q(p) = -5*p + 1 + 0*p + 10 + p. Let r(t) = -5*f(t) - 6*q(t). What is r(-3)?
-3
Let h(p) = p**3 + p**2 + 2*p - 1. Let i(r) = -3*r**3 - 3*r**2 - 4*r + 3. Let s(w) = 5*h(w) + 2*i(w). Determine s(-1).
-1
Let m(b) = -4*b - 81. Let t be m(-22). Let f(k) = -5*k**3 + 6*k**2 + 2*k - 5. Let w(x) = -6*x**3 + 6*x**2 + x - 6. Let d(r) = -5*f(r) + 4*w(r). Give d(t).
8
Let u(c) be the second derivative of -c**6/720 - 11*c**5/120 - c**4/12 + c. Let a(z) be the third derivative of u(z). Calculate a(-5).
-6
Let d(a) = 2 - a - 1 - 2 + 2*a. Calculate d(6).
5
Let j(g) = g**3 - g**2 - g - 4. Let b = 9 - 4. Suppose -b = 3*d - 17. Let p(k) = -k**2 + 3*k + 4. Let h be p(d). What is j(h)?
-4
Let u(r) = r - 1. Let g(m) = -2*m - 4. Let l(i) = -g(i) + 5*u(i). Let n be (-2)/(-2)*2/(-2). What is l(n)?
-8
Let h(m) = m**2 + m + 12. Let f be 30/(-5) + 1 + 5. Determine h(f).
12
Let g(n) = -n - 4. Let j be 2/(-8) - (-22)/(-8). Let y be 1/(-3) + 11/j. Calculate g(y).
0
Let q(r) = r**3 + 3*r**2 - 5*r - 2. Let c be 1 + ((-30)/2)/3. What is q(c)?
2
Let g(d) be the third derivative of -d**6/120 - d**5/12 + d**4/12 - 4*d**3/3 - 10*d**2. Calculate g(-6).
16
Let y be 0 - (-1 - -3 - 0). Let j(a) = -1. Let w(b) = b. Let l(t) = -j(t) + 3*w(t). Give l(y).
-5
Let y(f) = 6*f + 3. Suppose -3*t + 6 = -5*t. Calculate y(t).
-15
Let m(x) = 11*x**3 - x. Suppose 12*l + 3 = 15*l. What is m(l)?
10
Let l(x) be the third derivative of x**5/30 - 5*x**4/24 + 2*x**3/3 + x**2. Let o(a) = -a**2 - 10*a + 14. Let t be o(-11). Determine l(t).
7
Let p(l) be the third derivative of l**5/60 + 5*l**4/24 - l**3/2 + l**2. Let r be -4 + (-69)/(-18) - 70/12. Calculate p(r).
3
Let z(p) = -2*p - 3. Let l(y) = y + 1. Let i(w) = -7*l(w) - 3*z(w). Let f(j) = j**3 - 8*j**2 - 3. Let u be f(8). What is i(u)?
5
Let c be ((-16)/(-6) - 2)*6. Let m(i) = 6 - 6 + 5 + c + i**2 - i. Calculate m(0).
9
Let b(z) = -3 + 4 + 3 - 3*z. Determine b(3).
-5
Let s(o) = 2*o - 16. Let g be s(13). Suppose -3*p - g + 2 = -v, -2*v + 11 = -p. Let w(r) = 4*r**2 - r. Determine w(p).
5
Let k(y) = 3*y - 5. Let i(v) = v. Let r(x) = 4*i(x) - k(x). Give r(-5).
0
Let a(p) = -9. Suppose -55 + 5 = -5*u. Let d(b) = -14 - 5*b + 7 + 4*b - u. Let h(r) = 5*a(r) - 3*d(r). Give h(-5).
-9
Let a = -17 - -26. Suppose 17*s = 20*s - 6. Let p(c) = 5*c**2 + 8 + s*c - a + 8 + c**3. What is p(-5)?
-3
Let s(q) = q**2 - 6*q + 10. Let y be s(4). Let l(m) = 5*m**2 - 133 + m**3 - y*m**3 + 7*m + 129. Give l(6).
2
Let z(y) be the second derivative of -2*y**3/3 + 3*y**2 - 23*y. Let q(r) = -r**2 + 3*r + 4. Let g be q(3). Give z(g).
-10
Let p(m) = 7*m - 1. Suppose 0 = 6*x + 9 - 33. Suppose -4*z = -0*z + x. Calculate p(z).
-8
Suppose -3 = -2*y - 3*y - 3*q, -2*q + 2 = -y. Let i(b) = y*b**2 - 4*b - 3*b + 0*b**2 + b**2. Calculate i(6).
-6
Let x(o) be the first derivative of o**5/20 + 5*o**4/12 - 2*o**3/3 + o**2 - 5*o + 1. Let i(c) be the first derivative of x(c). What is i(-6)?
-10
Let j(q) = q - 8. Let u be j(6). Let l(s) = -s**2 - s - 1. Let z(o) = -10*o**2 - 12*o - 10. Suppose -1 = -g - 0. Let b(d) = g*z(d) - 12*l(d). Calculate b(u).
10
Let m(y) = y**3 - 5*y**2 + 3*y - 2. Let r(t) = t - 20. Let b be r(25). Let h = 4 + -6. Let i = h + b. Give m(i).
-11
Suppose -11*l + 12*l = j - 12, 4*j + 8 = -3*l. Let y(u) = u + 10. What is y(l)?
2
Let i(k) = -k**2 - 5*k - 2. Suppose -4*z = -1 + 13, -5*y + 18 = -z. Let f(h) = -8*h**y + 3*h**3 + h**3. Let j be f(1). Determine i(j).
2
Let i(h) = h**3 - 5*h**2 - 6*h + 3. Let b be i(6). Let o(c) = -c**b - 2*c - 4*c**3 + 3*c. Let x be ((-2)/6)/(2/(-6)). Calculate o(x).
-4
Let z(q) be the second derivative of q**3/6 - 5*q**2 - 4*q. Let a be z(8). Let b(t) = t**3 + 2*t**2 - 2*t - 2. Give b(a).
2
Let k(f) = -f**3 - 3*f**2 + 6*f + 6. Let v be 2/(2/9) - -2. Let o = v + -15. Determine k(o).
-2
Let b(l) be the first derivative of -l**4/4 + 4*l**3/3 + 2*l**2 + 3*l + 1. Determine b(5).
-2
Let q(y) = -y**2 + 2*y + 4. Let m be (4/6*9)/1. Suppose -2*f = -2*d - m, -4*f - 4*d = -0*f - 28. Suppose 4*z = -f*p + 11, -p = p + 2. What is q(z)?
-4
Let s(m) be the first derivative of -m**3/3 - 3*m**2 + 6*m - 5. Suppose -t - 2*t = 18. Give s(t).
6
Let u(m) = m + m + m**2 - 1 - 2*m**2. Determine u(3).
-4
Let l = -7 - -12. Let f(x) be the third derivative of x**4/24 + x**3/3 + 2*x**2. Calculate f(l).
7
Let j(d) = -6*d + 1. Let u(z) = -z. Let w(o) = -18*o + 2. Let t(c) = -u(c) + w(c). Let f(q) = -11*j(q) + 4*t(q). Calculate f(-4).
5
Let v be ((-26)/6)/(4 + 39/(-9)). Let o(u) = u**2 - 8*u - 3. Let d be o(5). Let w = d + v. Let f(m) = -m**2 - 3*m + 4. What is f(w)?
-6
Let a(x) = x. Let j be a(5). Suppose j = -5*d - u, -3*u - 8 = 7. Let l(t) = -t - 6. Let n be l(d). Let c(q) = -q**3 - 6*q**2 - 2*q - 3. Give c(n).
9
Let q(r) = -2*r + 5. Let f be q(8). Let t = -5 - f. Let m(c) = c**3 - 6*c**2 - 8. Calculate m(t).
-8
Let y be 24/10 - 28/70. Let q(k) = k**3 - 5*k**2 + 3*k - 2. Give q(y).
-8
Let r(j) = j**3 + j**2 - 3*j - 3. Suppose 37*q - 36*q + 2 = 0. Calculate r(q).
-1
Let j be ((-12)/18)/(1/((-6)/8)). Let p(f) be the third derivative of 0 - j*f**3 - 3*f**2 + 0*f - 